{"id":511,"date":"2019-06-15T12:16:26","date_gmt":"2019-06-15T09:16:26","guid":{"rendered":"http:\/\/www.solaklarsigorta.com\/?page_id=511"},"modified":"2025-02-07T19:17:58","modified_gmt":"2025-02-07T16:17:58","slug":"about-the-company-3-2","status":"publish","type":"page","link":"https:\/\/www.solaklarsigorta.com\/?page_id=511","title":{"rendered":"Ferdi Kaza Sigortas\u0131"},"content":{"rendered":"<p>[vc_row css_animation=&#8221;&#8221; row_type=&#8221;row&#8221; use_row_as_full_screen_section=&#8221;no&#8221; type=&#8221;grid&#8221; angled_section=&#8221;no&#8221; text_align=&#8221;left&#8221; background_image_as_pattern=&#8221;without_pattern&#8221; css=&#8221;.vc_custom_1491987987672{padding-top: 97px !important;}&#8221;][vc_column width=&#8221;1\/2&#8243;][vc_column_text]<\/p>\n<h2>FERD\u0130 KAZA S\u0130GORTASI<\/h2>\n<p>[\/vc_column_text][vc_empty_space height=&#8221;17px&#8221;][vc_column_text]<\/p>\n<div style=\"text-align: left;\">\n<div style=\"text-align: left;\">Kaza sonucu \u00f6l\u00fcm, s\u00fcrekli sakatl\u0131k, tedavi masraflar\u0131 ve g\u00fcndelik tazminat teminatlar\u0131 ile birlikte asistans hizmetleri tek bir poli\u00e7eyle temin edilebilmektedir. Bu nedenle \u00e7al\u0131\u015fanlar ferdi kaza sigortas\u0131 poli\u00e7esi yapt\u0131rarak ba\u015flar\u0131na gelebilecek beklenmedik kazalara kar\u015f\u0131 kendilerini, hatta dolayl\u0131 olarak ailelerini g\u00fcvence alt\u0131na alm\u0131\u015f olurlar.<\/div>\n<\/div>\n<p>[\/vc_column_text][vc_empty_space height=&#8221;17px&#8221;][vc_column_text]<\/p>\n<div style=\"text-align: left;\">\n<div style=\"text-align: left;\">\n<div class=\"areaInner\">\n<div class=\"brTop\">\n<h3>Neden Ferdi Kaza Sigortas\u0131?<\/h3>\n<p>Ferdi kaza sigortas\u0131 \u00fcr\u00fcnleri, sa\u011flad\u0131klar\u0131 teminatlara k\u0131yasla olduk\u00e7a cazip primler ile sunulmaktad\u0131r. G\u00fcnl\u00fck ya\u015fant\u0131m\u0131zda ba\u015f\u0131m\u0131za gelebilecek kazalar\u0131 d\u00fc\u015f\u00fcnd\u00fc\u011f\u00fcm\u00fczde, kazaya u\u011frayan sigortal\u0131n\u0131n veya bir vefat halinde geride kalanlar\u0131n s\u0131k\u0131nt\u0131lar\u0131n\u0131 maddi a\u00e7\u0131dan hafifletebilecek bu \u00fcr\u00fcn\u00fcm\u00fcz\u00fcn yan\u0131nda istenirse asistans hizmetlerini de poli\u00e7eye dahil etmektedir.<\/p>\n<p>Anadolu Sigorta\u2019dan farkl\u0131 durumlara \u00f6zel di\u011fer ferdi kaza sigortas\u0131 \u00fcr\u00fcnleri \u015fu \u015fekildedir;<\/p>\n<ul class=\"text-list\">\n<li><strong>\u0130\u015f\u2019te Ferdi Kaza Sigortas\u0131:<\/strong> T\u00fcrkiye \u0130\u015f Bankas\u0131 m\u00fc\u015fterilerinin ihtiya\u00e7lar\u0131n\u0131n kar\u015f\u0131lanabilmesi amac\u0131yla \u0130\u015f\u2019te Koruma, \u0130\u015f\u2019te \u00d6zel Koruma ve \u0130\u015f\u2019te Maksimum Koruma isimli Ferdi Kaza Sigortas\u0131 \u00fcr\u00fcnleridir.<\/li>\n<li><strong>BAS\u0130DAV\/BAS\u0130SEN Ferdi Kaza Sigortas\u0131:<\/strong> Sigorta ettiren Basisenliler Dayan\u0131\u015fma Ve Yard\u0131mla\u015fma Vakf\u0131 (BAS\u0130DAV) ile Sigortac\u0131 \u015firketimiz aras\u0131nda a\u015fa\u011f\u0131da yaz\u0131l\u0131 esaslara g\u00f6re 19.03.2009 tarihinde imzalanan sigorta t\u00fcr\u00fcd\u00fcr.<\/li>\n<li><strong>G\u00fcvenli Gelecek Sigortas\u0131:<\/strong> Ebeveynin vefat\u0131 veya s\u00fcrekli sakatl\u0131\u011f\u0131 durumunda \u00e7ocu\u011funun e\u011fitim masraflar\u0131n\u0131n kar\u015f\u0131lanmas\u0131 amac\u0131yla belirli bir s\u00fcre boyunca belirlenen teminat limitince \u00f6deme yapan ferdi kaza sigortas\u0131d\u0131r.<\/li>\n<li><strong>Aile Sigortas\u0131:<\/strong> Bu \u00fcr\u00fcn\u00fcm\u00fcz ile aile \u00fcyelerinin kar\u015f\u0131la\u015fabilece\u011fi \u00e7e\u015fitli risklere kar\u015f\u0131 geni\u015f teminatl\u0131 g\u00fcvence sunuyoruz.<\/li>\n<\/ul>\n<\/div>\n<\/div>\n<\/div>\n<\/div>\n<p>[\/vc_column_text][vc_empty_space height=&#8221;17px&#8221;][vc_empty_space height=&#8221;17px&#8221;][\/vc_column][vc_column width=&#8221;1\/2&#8243;][vc_empty_space height=&#8221;7px&#8221;][vc_single_image image=&#8221;587&#8243; img_size=&#8221;full&#8221; qode_css_animation=&#8221;&#8221;][vc_empty_space height=&#8221;40px&#8221;][\/vc_column][\/vc_row][vc_row css_animation=&#8221;&#8221; row_type=&#8221;row&#8221; use_row_as_full_screen_section=&#8221;no&#8221; type=&#8221;grid&#8221; angled_section=&#8221;no&#8221; text_align=&#8221;left&#8221; background_image_as_pattern=&#8221;without_pattern&#8221; css=&#8221;.vc_custom_1473086245677{padding-top: 13px !important;padding-bottom: 13px !important;background-color: #ffffff !important;}&#8221;][vc_column]<div class='qode_carousels_holder clearfix'><div class='qode_carousels' data-number-of-visible-items='4'><ul class='slides'><li class='item'><div class=\"carousel_item_holder\"><a itemprop='url' href='#' target='_self'><span class='first_image_holder has_hover_image'><img decoding=\"async\" itemprop=\"image\" src=\"http:\/\/www.solaklarsigorta.com\/wp-content\/uploads\/2025\/02\/ak-sigorta-solaklar.png\" alt=\"carousel image\" \/><\/span><span class='second_image_holder has_hover_image'><img decoding=\"async\" itemprop=\"image\" src=\"http:\/\/www.solaklarsigorta.com\/wp-content\/uploads\/2025\/02\/ak-sigorta-solaklar.png\" alt=\"carousel image\" \/><\/span><\/a><\/div><\/li><li class='item'><div class=\"carousel_item_holder\"><a itemprop='url' href='#' target='_self'><span class='first_image_holder has_hover_image'><img decoding=\"async\" itemprop=\"image\" src=\"http:\/\/www.solaklarsigorta.com\/wp-content\/uploads\/2025\/02\/Axa-sigorta-Solaklar.png\" alt=\"carousel image\" \/><\/span><span class='second_image_holder has_hover_image'><img decoding=\"async\" itemprop=\"image\" src=\"http:\/\/www.solaklarsigorta.com\/wp-content\/uploads\/2025\/02\/Axa-sigorta-Solaklar.png\" alt=\"carousel image\" \/><\/span><\/a><\/div><\/li><li class='item'><div class=\"carousel_item_holder\"><a itemprop='url' href='#' target='_self'><span class='first_image_holder has_hover_image'><img decoding=\"async\" itemprop=\"image\" src=\"http:\/\/www.solaklarsigorta.com\/wp-content\/uploads\/2025\/02\/sompo-sigorta-solaklar.png\" alt=\"carousel image\" \/><\/span><span class='second_image_holder has_hover_image'><img decoding=\"async\" itemprop=\"image\" src=\"http:\/\/www.solaklarsigorta.com\/wp-content\/uploads\/2025\/02\/sompo-sigorta-solaklar.png\" alt=\"carousel image\" \/><\/span><\/a><\/div><\/li><li class='item'><div class=\"carousel_item_holder\"><a itemprop='url' href='#' target='_self'><span class='first_image_holder has_hover_image'><img decoding=\"async\" itemprop=\"image\" src=\"http:\/\/www.solaklarsigorta.com\/wp-content\/uploads\/2025\/02\/HDI-Sigorta-solaklar.png\" alt=\"carousel image\" \/><\/span><span class='second_image_holder has_hover_image'><img decoding=\"async\" itemprop=\"image\" src=\"http:\/\/www.solaklarsigorta.com\/wp-content\/uploads\/2025\/02\/HDI-Sigorta-solaklar.png\" alt=\"carousel image\" \/><\/span><\/a><\/div><\/li><li class='item'><div class=\"carousel_item_holder\"><a itemprop='url' href='#' target='_self'><span class='first_image_holder has_hover_image'><img decoding=\"async\" itemprop=\"image\" src=\"http:\/\/www.solaklarsigorta.com\/wp-content\/uploads\/2025\/02\/unico-sigorta-solaklar.png\" alt=\"carousel image\" \/><\/span><span class='second_image_holder has_hover_image'><img decoding=\"async\" itemprop=\"image\" src=\"http:\/\/www.solaklarsigorta.com\/wp-content\/uploads\/2025\/02\/unico-sigorta-solaklar.png\" alt=\"carousel image\" \/><\/span><\/a><\/div><\/li><li class='item'><div class=\"carousel_item_holder\"><a itemprop='url' href='#' target='_self'><span class='first_image_holder has_hover_image'><img decoding=\"async\" itemprop=\"image\" src=\"http:\/\/www.solaklarsigorta.com\/wp-content\/uploads\/2025\/02\/ray-sigorta-solaklar-1.png\" alt=\"carousel image\" \/><\/span><span class='second_image_holder has_hover_image'><img decoding=\"async\" itemprop=\"image\" src=\"http:\/\/www.solaklarsigorta.com\/wp-content\/uploads\/2025\/02\/ray-sigorta-solaklar.png\" alt=\"carousel image\" \/><\/span><\/a><\/div><\/li><li class='item'><div class=\"carousel_item_holder\"><a itemprop='url' href='#' target='_self'><span class='first_image_holder has_hover_image'><img decoding=\"async\" itemprop=\"image\" src=\"http:\/\/www.solaklarsigorta.com\/wp-content\/uploads\/2025\/02\/quick-sigorta-solaklar.png\" alt=\"carousel image\" \/><\/span><span class='second_image_holder has_hover_image'><img decoding=\"async\" itemprop=\"image\" src=\"http:\/\/www.solaklarsigorta.com\/wp-content\/uploads\/2025\/02\/quick-sigorta-solaklar.png\" alt=\"carousel image\" \/><\/span><\/a><\/div><\/li><li class='item'><div class=\"carousel_item_holder\"><a itemprop='url' href='#' target='_self'><span class='first_image_holder has_hover_image'><img decoding=\"async\" itemprop=\"image\" src=\"http:\/\/www.solaklarsigorta.com\/wp-content\/uploads\/2025\/02\/Hepiyi-sigorta-Solaklar.png\" alt=\"carousel image\" \/><\/span><span class='second_image_holder has_hover_image'><img decoding=\"async\" itemprop=\"image\" src=\"http:\/\/www.solaklarsigorta.com\/wp-content\/uploads\/2025\/02\/Hepiyi-sigorta-Solaklar.png\" alt=\"carousel image\" \/><\/span><\/a><\/div><\/li><li class='item'><div class=\"carousel_item_holder\"><a itemprop='url' href='#' target='_self'><span class='first_image_holder has_hover_image'><img decoding=\"async\" itemprop=\"image\" src=\"http:\/\/www.solaklarsigorta.com\/wp-content\/uploads\/2025\/02\/neova-sigorta-Solaklar.png\" alt=\"carousel image\" \/><\/span><span class='second_image_holder has_hover_image'><img decoding=\"async\" itemprop=\"image\" src=\"http:\/\/www.solaklarsigorta.com\/wp-content\/uploads\/2025\/02\/neova-sigorta-Solaklar.png\" alt=\"carousel image\" \/><\/span><\/a><\/div><\/li><li class='item'><div class=\"carousel_item_holder\"><a itemprop='url' href='#' target='_self'><span class='first_image_holder has_hover_image'><img decoding=\"async\" itemprop=\"image\" src=\"http:\/\/www.solaklarsigorta.com\/wp-content\/uploads\/2025\/02\/Zurichh-sigorta-Solaklar.png\" alt=\"carousel image\" \/><\/span><span class='second_image_holder has_hover_image'><img decoding=\"async\" itemprop=\"image\" src=\"http:\/\/www.solaklarsigorta.com\/wp-content\/uploads\/2025\/02\/Zurichh-sigorta-Solaklar.png\" alt=\"carousel image\" \/><\/span><\/a><\/div><\/li><\/ul><\/div><\/div>[\/vc_column][\/vc_row]<\/p>\n","protected":false},"excerpt":{"rendered":"<p>[vc_row css_animation=&#8221;&#8221; row_type=&#8221;row&#8221; use_row_as_full_screen_section=&#8221;no&#8221; type=&#8221;grid&#8221; angled_section=&#8221;no&#8221; text_align=&#8221;left&#8221; background_image_as_pattern=&#8221;without_pattern&#8221; css=&#8221;.vc_custom_1491987987672{padding-top: 97px !important;}&#8221;][vc_column width=&#8221;1\/2&#8243;][vc_column_text] FERD\u0130 KAZA S\u0130GORTASI [\/vc_column_text][vc_empty_space height=&#8221;17px&#8221;][vc_column_text] Kaza sonucu \u00f6l\u00fcm, s\u00fcrekli sakatl\u0131k, tedavi masraflar\u0131 ve g\u00fcndelik tazminat teminatlar\u0131 ile birlikte asistans hizmetleri tek bir poli\u00e7eyle temin edilebilmektedir. Bu nedenle \u00e7al\u0131\u015fanlar ferdi kaza sigortas\u0131 poli\u00e7esi yapt\u0131rarak&#8230;<\/p>\n","protected":false},"author":1,"featured_media":0,"parent":0,"menu_order":0,"comment_status":"closed","ping_status":"closed","template":"full_width.php","meta":{"footnotes":""},"_links":{"self":[{"href":"https:\/\/www.solaklarsigorta.com\/index.php?rest_route=\/wp\/v2\/pages\/511"}],"collection":[{"href":"https:\/\/www.solaklarsigorta.com\/index.php?rest_route=\/wp\/v2\/pages"}],"about":[{"href":"https:\/\/www.solaklarsigorta.com\/index.php?rest_route=\/wp\/v2\/types\/page"}],"author":[{"embeddable":true,"href":"https:\/\/www.solaklarsigorta.com\/index.php?rest_route=\/wp\/v2\/users\/1"}],"replies":[{"embeddable":true,"href":"https:\/\/www.solaklarsigorta.com\/index.php?rest_route=%2Fwp%2Fv2%2Fcomments&post=511"}],"version-history":[{"count":2,"href":"https:\/\/www.solaklarsigorta.com\/index.php?rest_route=\/wp\/v2\/pages\/511\/revisions"}],"predecessor-version":[{"id":588,"href":"https:\/\/www.solaklarsigorta.com\/index.php?rest_route=\/wp\/v2\/pages\/511\/revisions\/588"}],"wp:attachment":[{"href":"https:\/\/www.solaklarsigorta.com\/index.php?rest_route=%2Fwp%2Fv2%2Fmedia&parent=511"}],"curies":[{"name":"wp","href":"https:\/\/api.w.org\/{rel}","templated":true}]}}