{"id":494,"date":"2019-06-15T11:50:20","date_gmt":"2019-06-15T08:50:20","guid":{"rendered":"http:\/\/www.solaklarsigorta.com\/?page_id=494"},"modified":"2019-06-15T11:57:57","modified_gmt":"2019-06-15T08:57:57","slug":"about-the-company-2","status":"publish","type":"page","link":"https:\/\/www.solaklarsigorta.com\/?page_id=494","title":{"rendered":"Konut Sigortas\u0131"},"content":{"rendered":"<p>[vc_row css_animation=&#8221;&#8221; row_type=&#8221;row&#8221; use_row_as_full_screen_section=&#8221;no&#8221; type=&#8221;grid&#8221; angled_section=&#8221;no&#8221; text_align=&#8221;left&#8221; background_image_as_pattern=&#8221;without_pattern&#8221; css=&#8221;.vc_custom_1491987987672{padding-top: 97px !important;}&#8221;][vc_column width=&#8221;1\/2&#8243;][vc_column_text]<\/p>\n<h2>KONUT S\u0130GORTASI<\/h2>\n<p>[\/vc_column_text][vc_empty_space height=&#8221;17px&#8221;][vc_column_text]<\/p>\n<div style=\"text-align: left;\">Konut Sigortas\u0131 \u00fcr\u00fcn\u00fcm\u00fcz, eviniz ve i\u00e7indeki e\u015fyalar\u0131 yang\u0131ndan h\u0131rs\u0131zl\u0131\u011fa, depremden su bask\u0131n\u0131na kadar pek \u00e7ok riske kar\u015f\u0131 koruma alt\u0131na alan geni\u015f kapsaml\u0131 ve &#8220;ki\u015fiye \u00f6zel&#8221; bir paket sigorta uygulamas\u0131d\u0131r.<\/div>\n<p>[\/vc_column_text][vc_empty_space height=&#8221;17px&#8221;][vc_column_text]<\/p>\n<div style=\"text-align: left;\">\n<div style=\"text-align: left;\">\n<p>Evin ve i\u00e7erisindeki e\u015fyalar\u0131n oturulamaz hale geldi\u011fi durumlarda, ta\u015f\u0131nma veya enkaz kald\u0131rma gibi giderler sizi ma\u011fdur edebilir. Ayr\u0131ca evinizde olu\u015fabilecek hasarlar y\u00fcz\u00fcnden kirac\u0131n\u0131z\u0131 ta\u015f\u0131nmak zorunda b\u0131rakabilir, bu nedenle kira gelirinizden mahrum olabilirsiniz. Anadolu Sigorta, sunmu\u015f oldu\u011fu Konut Sigortas\u0131 \u00fcr\u00fcn\u00fc ile sizi buna benzer olu\u015fabilecek bir\u00e7ok y\u00fckten kurtar\u0131r.<\/p>\n<\/div>\n<\/div>\n<p>[\/vc_column_text][vc_empty_space height=&#8221;17px&#8221;][vc_single_image image=&#8221;499&#8243; img_size=&#8221;full&#8221; qode_css_animation=&#8221;&#8221;][vc_empty_space height=&#8221;17px&#8221;][vc_column_text]<\/p>\n<div style=\"text-align: left;\">\n<h3 class=\"colorOrange\">Neden Konut Sigortas\u0131 Almal\u0131y\u0131m?<\/h3>\n<p>Anadolu Sigorta\u2019n\u0131n Konut Sigortas\u0131, tek bir poli\u00e7e ile bir\u00e7ok durum i\u00e7in g\u00fcvence sunmaktad\u0131r. Yang\u0131n, deprem, f\u0131rt\u0131na, sel ve su bask\u0131n\u0131 gibi durumlar sonucu evdeki e\u015fyalar\u0131n teminat alt\u0131na al\u0131nmas\u0131 konut paket sigortas\u0131n\u0131n kapsam\u0131ndad\u0131r.<\/p>\n<p>Konut Sigortas\u0131 kapsam\u0131nda sigortal\u0131lar\u0131m\u0131z\u0131n hayat\u0131n\u0131 kolayla\u015ft\u0131racak ve herhangi bir ek \u00fccret istemeden verilen asistans hizmetlerini de sunuyoruz. Bunlar; konutta meydana gelen hasar sonucu olu\u015fan tesisat ve elektrik sorunlar\u0131n\u0131n tamirat\u0131ndan, doktor veya ambulans g\u00f6nderilmesine, otel hizmetine veya konutta kalan ki\u015filerin kurtar\u0131lmas\u0131na kadar geni\u015f bir yelpazede bulunmaktad\u0131r.<\/p>\n<\/div>\n<p>[\/vc_column_text][vc_empty_space height=&#8221;17px&#8221;][vc_column_text]<\/p>\n<div style=\"text-align: left;\">\n<h3 class=\"colorOrange\">\u0130zolasyon Yetersizli\u011fi Sonucu Olu\u015fan Dahili Su Hasarlar\u0131<\/h3>\n<p class=\"colorOrange\">\u0130zolasyon yetersizli\u011fi ve\/veya kayb\u0131 nedeniyle ya\u011fmur ve kar sular\u0131n\u0131n binan\u0131n d\u0131\u015f cephe veya teras\u0131ndan ( yer s\u00fczgeci bulunan ) veya pencere, kap\u0131 ve pervazlar\u0131ndan (a\u00e7\u0131klar\u0131ndan) s\u0131zmas\u0131 ve\/veya girmesi neticesi ile yak\u0131n sebebi derz kaynakl\u0131 olan hasarlar teminat kapsam\u0131na dahil edilmi\u015ftir.<\/p>\n<p>&nbsp;<\/p>\n<h3 class=\"colorOrange\">Su Hasarlar\u0131<\/h3>\n<p class=\"colorOrange\">Kirac\u0131lar\u0131n e\u015fyalar\u0131 ile ev sahiplerinin bina ve e\u015fyalar\u0131, bina i\u00e7i (tesisat hasarlar\u0131, pencere ve \u00e7at\u0131lardan s\u0131zan ya\u011fmur ve kar sular\u0131n\u0131n olu\u015fturdu\u011fu hasarlar, fosseptik ve kanalizayon geri tepmesi) ve bina d\u0131\u015f\u0131 (derelerin ta\u015fmas\u0131, denizlerin kabarmas\u0131 ve ya\u011fmur sular\u0131n\u0131n i\u00e7eri girmesi) kaynakl\u0131 su hasarlar\u0131na kar\u015f\u0131 teminat alt\u0131ndad\u0131r.<\/p>\n<p>&nbsp;<\/p>\n<h3 class=\"colorOrange\">E\u015fyalar\u0131n Konut D\u0131\u015f\u0131nda da Teminat Alt\u0131nda Bulunmas\u0131<\/h3>\n<p class=\"colorOrange\">Sigortal\u0131 e\u015fyalar\u0131n T.C. ve K.K.T.C. s\u0131n\u0131rlar\u0131 dahilinde olmak \u00fczere, hasar esnas\u0131nda veya ertesinde, korunma alt\u0131na al\u0131nmas\u0131 amac\u0131 ile ta\u015f\u0131nmas\u0131 ve\/veya ba\u015fka bir adrese depolanmas\u0131, poli\u00e7e kapsam\u0131ndaki risklere kar\u015f\u0131 teminat alt\u0131ndad\u0131r.<\/p>\n<p>&nbsp;<\/p>\n<h3 class=\"colorOrange\">Misafir E\u015fyalar\u0131n\u0131n Teminat Alt\u0131nda Bulunmas\u0131<\/h3>\n<p class=\"colorOrange\">Sigortal\u0131 konutta bulunan misafirlere ait e\u015fyalar poli\u00e7e \u00fczerinde yazan limit ile teminat alt\u0131ndad\u0131r.<\/p>\n<p>&nbsp;<\/p>\n<p>&nbsp;<\/p>\n<h3 class=\"colorOrange\">Nakit Para ve K\u0131ymetli Evrak<\/h3>\n<p class=\"colorOrange\">Nakit para ve k\u0131ymetli evrak\u0131n\u0131z, sigorta bedeli poli\u00e7e \u00fczerinde nakit para ve k\u0131ymetli evrak olarak belirtilip listelenmesi ko\u015fuluyla g\u00fcvence alt\u0131ndad\u0131r.<\/p>\n<p>&nbsp;<\/p>\n<p>&nbsp;<\/p>\n<h3 class=\"colorOrange\">K\u0131ymetli E\u015fya<\/h3>\n<p class=\"colorOrange\">Sanat eserleri, antika e\u015fya, k\u0131ymetli madenlerden mamul e\u015fya, ziynet, k\u00fcrk, antika ve k\u0131ymetli hal\u0131lar gibi her t\u00fcr e\u015fyan\u0131z, sigorta bedeli poli\u00e7e \u00fczerinde k\u0131ymetli e\u015fya olarak belirtilip listelenmesi ko\u015fuluyla g\u00fcvence kapsam\u0131 alt\u0131ndad\u0131r.<\/p>\n<p>&nbsp;<\/p>\n<p>&nbsp;<\/p>\n<h3 class=\"colorOrange\">H\u0131rs\u0131zl\u0131k<\/h3>\n<p class=\"colorOrange\">Kirac\u0131lar ve ev sahiplerinin ev e\u015fyalar\u0131, nakit paras\u0131 ve k\u0131ymetli e\u015fya kapsam\u0131nda de\u011ferlendirilen ziynet e\u015fyalar\u0131, elektronik cihazlar\u0131, antikalar\u0131, k\u0131ymetli hal\u0131lar\u0131 vb. k\u0131ymetleri, olu\u015fabilecek h\u0131rs\u0131zl\u0131k hasarlar\u0131na kar\u015f\u0131 teminat alt\u0131ndad\u0131r.<\/p>\n<p>&nbsp;<\/p>\n<p>&nbsp;<\/p>\n<h3 class=\"colorOrange\">Bina Sabit Tesisatta H\u0131rs\u0131zl\u0131k<\/h3>\n<p class=\"colorOrange\">Binaya ait sabit k\u0131ymetler h\u0131rs\u0131zl\u0131k riskine kar\u015f\u0131 teminat alt\u0131ndad\u0131r.<\/p>\n<p>&nbsp;<\/p>\n<\/div>\n<p>[\/vc_column_text][vc_empty_space height=&#8221;17px&#8221;][\/vc_column][vc_column width=&#8221;1\/2&#8243;][vc_column_text]<\/p>\n<h3>Aile Destek Sigortas\u0131<\/h3>\n<p>Konutta ya\u015fayan aile \u00fcyelerinin kar\u015f\u0131la\u015fabilecekleri \u00e7e\u015fitli risklere kar\u015f\u0131 olu\u015fturulmu\u015f geni\u015f bir g\u00fcvence paketidir. Ferdi kaza, \u00fc\u00e7\u00fcnc\u00fc ki\u015filere verilebilecek zararlar yan\u0131nda gasp, kapka\u00e7, yankesicilik sonucu u\u011fran\u0131lacak zararlar teminat alt\u0131ndad\u0131r.<\/p>\n<p>&nbsp;<\/p>\n<h3>Elektronik Cihaz Sigortas\u0131<\/h3>\n<p>Kirac\u0131lar ve ev sahiplerinin televizyon, buzdolab\u0131, m\u00fczik seti, bilgisayar, \u00e7ama\u015f\u0131r makinesi, kombi vb. elektronik cihazlar\u0131 elektrik ak\u0131m\u0131n\u0131n de\u011fi\u015fiklikleri, d\u00fc\u015fme, \u00e7arpma vb. nedenlerle olu\u015fabilecek ar\u0131zalara ve kazalara kar\u015f\u0131 teminat alt\u0131ndad\u0131r.<\/p>\n<p>&nbsp;<\/p>\n<h3>Elektronik Cihaz Teminat\u0131na Ba\u011fl\u0131 G\u0131da Bozulmas\u0131 Teminat\u0131<\/h3>\n<p>Elektronik Cihaz Sigortalar\u0131 Genel \u015eartlar\u0131 h\u00fck\u00fcmleri sakl\u0131 kalmak kayd\u0131 ile elektronik cihaz sigortas\u0131 teminat\u0131na giren herhangi bir olay neticesinde buzdolab\u0131 ve\/veya derin dondurucular\u0131n hasarlanmas\u0131 sebebiyle bu cihazlar\u0131n i\u00e7indeki g\u0131da maddelerinin bozulmas\u0131, poli\u00e7e \u00fczerinde yazan limit ile teminat alt\u0131ndad\u0131r.<\/p>\n<p>&nbsp;<\/p>\n<h3>Makine K\u0131r\u0131lmas\u0131<\/h3>\n<p>Sigortas\u0131 Konutta bulunan asans\u00f6r, jenerat\u00f6r, trafo, kazan dairesi ekipmanlar\u0131 ile havuz tesisat\u0131nda herhangi bir kaza ar\u0131za sonucu olu\u015fabilecek zararlar teminat alt\u0131ndad\u0131r.<\/p>\n<p>&nbsp;<\/p>\n<h3>Cam K\u0131r\u0131lmas\u0131<\/h3>\n<p>Konutun d\u0131\u015f kap\u0131 ve pencere camlar\u0131 ile i\u00e7 mekanda bulunan kap\u0131, vitrin vb. dikey camlar\u0131 ve aynalar\u0131 her t\u00fcrl\u00fc kazaen k\u0131r\u0131lmaya kar\u015f\u0131 teminat alt\u0131ndad\u0131r.<\/p>\n<p>&nbsp;<\/p>\n<h3>Yang\u0131n ve \u0130nfilak Mali Sorumlulu\u011fu<\/h3>\n<p>Kirac\u0131lar\u0131n; &#8211; Kirac\u0131 olarak oturduklar\u0131 binaya &#8211; Kom\u015fular\u0131na veya \u00fc\u00e7\u00fcnc\u00fc \u015fah\u0131slara Ev sahiplerinin; &#8211; Kirac\u0131lar\u0131n\u0131n e\u015fyalar\u0131na &#8211; Sigortal\u0131 m\u00fclklerinin kom\u015fular\u0131na veya \u00fc\u00e7\u00fcnc\u00fc \u015fah\u0131slara verebilecekleri &#8211; Yang\u0131n, infilak ve bunlar\u0131n sonucunda olu\u015fabilecek duman ve is hasarlar\u0131 &#8211; Tesisattan kaynakl\u0131 su hasarlar\u0131, musluklar\u0131n a\u00e7\u0131k unutulmas\u0131 sonucu olu\u015fabilecek su hasarlar\u0131, teminat alt\u0131ndad\u0131r.<\/p>\n<p>&nbsp;<\/p>\n<h3>Boya Badana Teminat\u0131<\/h3>\n<p>Sigortal\u0131n\u0131n kirac\u0131 olmas\u0131 durumunda, teminat kapsam\u0131na giren bir hasar nedeniyle, sigortal\u0131 konuta yap\u0131lacak boya, badana, parke, cila, kartonpiyer, duvar ka\u011f\u0131d\u0131 ve kirac\u0131 taraf\u0131ndan yapt\u0131r\u0131ld\u0131\u011f\u0131 tespit edilen, bina sabiti olan, benzeri sabit dekorasyonlara ili\u015fkin masraflar teminata dahil edilmi\u015ftir.<\/p>\n<p>&nbsp;<\/p>\n<h3>Yak\u0131t S\u0131zmas\u0131<\/h3>\n<p>Sabit \u0131s\u0131tma tesisat\u0131nda meydana gelebilecek yak\u0131t s\u0131zmalar\u0131n\u0131n sigortal\u0131 k\u0131ymetlere verebilece\u011fi hasarlar teminat alt\u0131ndad\u0131r.<\/p>\n<p>&nbsp;<\/p>\n<h3>Alternatif \u0130kamet De\u011fi\u015fikli\u011fi Masraflar\u0131<\/h3>\n<p>Poli\u00e7ede yer alan risklerin ger\u00e7ekle\u015fmesi sonucu binan\u0131z\u0131n oturulamaz hale gelmesi nedeniyle ikametgah de\u011fi\u015ftirmek zorunda kal\u0131rsan\u0131z yapaca\u011f\u0131n\u0131z masraflar\u0131 poli\u00e7ede yer alan limit ve s\u00fcrelerle kar\u015f\u0131lar.<\/p>\n<h3>Ge\u00e7ici Adres-Nakil<\/h3>\n<p>Poli\u00e7ede belirtilen k\u0131ymetler, bak\u0131m-onar\u0131m maksad\u0131yla ge\u00e7ici olarak konut d\u0131\u015f\u0131nda bulundurulduklar\u0131 s\u0131rada, poli\u00e7e kapsam\u0131ndaki risklere kar\u015f\u0131 teminat alt\u0131ndad\u0131r.[\/vc_column_text][vc_empty_space height=&#8221;17px&#8221;][vc_single_image image=&#8221;500&#8243; img_size=&#8221;full&#8221; qode_css_animation=&#8221;&#8221;][\/vc_column][\/vc_row][vc_row css_animation=&#8221;&#8221; row_type=&#8221;row&#8221; use_row_as_full_screen_section=&#8221;no&#8221; type=&#8221;grid&#8221; angled_section=&#8221;no&#8221; text_align=&#8221;left&#8221; background_image_as_pattern=&#8221;without_pattern&#8221; css=&#8221;.vc_custom_1473086245677{padding-top: 13px !important;padding-bottom: 13px !important;background-color: #ffffff !important;}&#8221;][vc_column]<div class='qode_carousels_holder clearfix'><div class='qode_carousels' data-number-of-visible-items='4'><ul class='slides'><li class='item'><div class=\"carousel_item_holder\"><a itemprop='url' href='#' target='_self'><span class='first_image_holder has_hover_image'><img decoding=\"async\" itemprop=\"image\" src=\"http:\/\/www.solaklarsigorta.com\/wp-content\/uploads\/2025\/02\/ak-sigorta-solaklar.png\" alt=\"carousel image\" \/><\/span><span class='second_image_holder has_hover_image'><img decoding=\"async\" itemprop=\"image\" src=\"http:\/\/www.solaklarsigorta.com\/wp-content\/uploads\/2025\/02\/ak-sigorta-solaklar.png\" alt=\"carousel image\" \/><\/span><\/a><\/div><\/li><li class='item'><div class=\"carousel_item_holder\"><a itemprop='url' href='#' target='_self'><span class='first_image_holder has_hover_image'><img decoding=\"async\" itemprop=\"image\" src=\"http:\/\/www.solaklarsigorta.com\/wp-content\/uploads\/2025\/02\/Axa-sigorta-Solaklar.png\" alt=\"carousel image\" \/><\/span><span class='second_image_holder has_hover_image'><img decoding=\"async\" itemprop=\"image\" src=\"http:\/\/www.solaklarsigorta.com\/wp-content\/uploads\/2025\/02\/Axa-sigorta-Solaklar.png\" alt=\"carousel image\" \/><\/span><\/a><\/div><\/li><li class='item'><div class=\"carousel_item_holder\"><a itemprop='url' href='#' target='_self'><span class='first_image_holder has_hover_image'><img decoding=\"async\" itemprop=\"image\" src=\"http:\/\/www.solaklarsigorta.com\/wp-content\/uploads\/2025\/02\/sompo-sigorta-solaklar.png\" alt=\"carousel image\" \/><\/span><span class='second_image_holder has_hover_image'><img decoding=\"async\" itemprop=\"image\" src=\"http:\/\/www.solaklarsigorta.com\/wp-content\/uploads\/2025\/02\/sompo-sigorta-solaklar.png\" alt=\"carousel image\" \/><\/span><\/a><\/div><\/li><li class='item'><div class=\"carousel_item_holder\"><a itemprop='url' href='#' target='_self'><span class='first_image_holder has_hover_image'><img decoding=\"async\" itemprop=\"image\" src=\"http:\/\/www.solaklarsigorta.com\/wp-content\/uploads\/2025\/02\/HDI-Sigorta-solaklar.png\" alt=\"carousel image\" \/><\/span><span class='second_image_holder has_hover_image'><img decoding=\"async\" itemprop=\"image\" src=\"http:\/\/www.solaklarsigorta.com\/wp-content\/uploads\/2025\/02\/HDI-Sigorta-solaklar.png\" alt=\"carousel image\" \/><\/span><\/a><\/div><\/li><li class='item'><div class=\"carousel_item_holder\"><a itemprop='url' href='#' target='_self'><span class='first_image_holder has_hover_image'><img decoding=\"async\" itemprop=\"image\" src=\"http:\/\/www.solaklarsigorta.com\/wp-content\/uploads\/2025\/02\/unico-sigorta-solaklar.png\" alt=\"carousel image\" \/><\/span><span class='second_image_holder has_hover_image'><img decoding=\"async\" itemprop=\"image\" src=\"http:\/\/www.solaklarsigorta.com\/wp-content\/uploads\/2025\/02\/unico-sigorta-solaklar.png\" alt=\"carousel image\" \/><\/span><\/a><\/div><\/li><li class='item'><div class=\"carousel_item_holder\"><a itemprop='url' href='#' target='_self'><span class='first_image_holder has_hover_image'><img decoding=\"async\" itemprop=\"image\" src=\"http:\/\/www.solaklarsigorta.com\/wp-content\/uploads\/2025\/02\/ray-sigorta-solaklar-1.png\" alt=\"carousel image\" \/><\/span><span class='second_image_holder has_hover_image'><img decoding=\"async\" itemprop=\"image\" src=\"http:\/\/www.solaklarsigorta.com\/wp-content\/uploads\/2025\/02\/ray-sigorta-solaklar.png\" alt=\"carousel image\" \/><\/span><\/a><\/div><\/li><li class='item'><div class=\"carousel_item_holder\"><a itemprop='url' href='#' target='_self'><span class='first_image_holder has_hover_image'><img decoding=\"async\" itemprop=\"image\" src=\"http:\/\/www.solaklarsigorta.com\/wp-content\/uploads\/2025\/02\/quick-sigorta-solaklar.png\" alt=\"carousel image\" \/><\/span><span class='second_image_holder has_hover_image'><img decoding=\"async\" itemprop=\"image\" src=\"http:\/\/www.solaklarsigorta.com\/wp-content\/uploads\/2025\/02\/quick-sigorta-solaklar.png\" alt=\"carousel image\" \/><\/span><\/a><\/div><\/li><li class='item'><div class=\"carousel_item_holder\"><a itemprop='url' href='#' target='_self'><span class='first_image_holder has_hover_image'><img decoding=\"async\" itemprop=\"image\" src=\"http:\/\/www.solaklarsigorta.com\/wp-content\/uploads\/2025\/02\/Hepiyi-sigorta-Solaklar.png\" alt=\"carousel image\" \/><\/span><span class='second_image_holder has_hover_image'><img decoding=\"async\" itemprop=\"image\" src=\"http:\/\/www.solaklarsigorta.com\/wp-content\/uploads\/2025\/02\/Hepiyi-sigorta-Solaklar.png\" alt=\"carousel image\" \/><\/span><\/a><\/div><\/li><li class='item'><div class=\"carousel_item_holder\"><a itemprop='url' href='#' target='_self'><span class='first_image_holder has_hover_image'><img decoding=\"async\" itemprop=\"image\" src=\"http:\/\/www.solaklarsigorta.com\/wp-content\/uploads\/2025\/02\/neova-sigorta-Solaklar.png\" alt=\"carousel image\" \/><\/span><span class='second_image_holder has_hover_image'><img decoding=\"async\" itemprop=\"image\" src=\"http:\/\/www.solaklarsigorta.com\/wp-content\/uploads\/2025\/02\/neova-sigorta-Solaklar.png\" alt=\"carousel image\" \/><\/span><\/a><\/div><\/li><li class='item'><div class=\"carousel_item_holder\"><a itemprop='url' href='#' target='_self'><span class='first_image_holder has_hover_image'><img decoding=\"async\" itemprop=\"image\" src=\"http:\/\/www.solaklarsigorta.com\/wp-content\/uploads\/2025\/02\/Zurichh-sigorta-Solaklar.png\" alt=\"carousel image\" \/><\/span><span class='second_image_holder has_hover_image'><img decoding=\"async\" itemprop=\"image\" src=\"http:\/\/www.solaklarsigorta.com\/wp-content\/uploads\/2025\/02\/Zurichh-sigorta-Solaklar.png\" alt=\"carousel image\" \/><\/span><\/a><\/div><\/li><\/ul><\/div><\/div>[\/vc_column][\/vc_row]<\/p>\n","protected":false},"excerpt":{"rendered":"<p>[vc_row css_animation=&#8221;&#8221; row_type=&#8221;row&#8221; use_row_as_full_screen_section=&#8221;no&#8221; type=&#8221;grid&#8221; angled_section=&#8221;no&#8221; text_align=&#8221;left&#8221; background_image_as_pattern=&#8221;without_pattern&#8221; css=&#8221;.vc_custom_1491987987672{padding-top: 97px !important;}&#8221;][vc_column width=&#8221;1\/2&#8243;][vc_column_text] KONUT S\u0130GORTASI [\/vc_column_text][vc_empty_space height=&#8221;17px&#8221;][vc_column_text] Konut Sigortas\u0131 \u00fcr\u00fcn\u00fcm\u00fcz, eviniz ve i\u00e7indeki e\u015fyalar\u0131 yang\u0131ndan h\u0131rs\u0131zl\u0131\u011fa, depremden su bask\u0131n\u0131na kadar pek \u00e7ok riske kar\u015f\u0131 koruma alt\u0131na alan geni\u015f kapsaml\u0131 ve &#8220;ki\u015fiye \u00f6zel&#8221; bir paket sigorta uygulamas\u0131d\u0131r&#8230;.<\/p>\n","protected":false},"author":1,"featured_media":0,"parent":0,"menu_order":0,"comment_status":"closed","ping_status":"closed","template":"full_width.php","meta":{"footnotes":""},"_links":{"self":[{"href":"https:\/\/www.solaklarsigorta.com\/index.php?rest_route=\/wp\/v2\/pages\/494"}],"collection":[{"href":"https:\/\/www.solaklarsigorta.com\/index.php?rest_route=\/wp\/v2\/pages"}],"about":[{"href":"https:\/\/www.solaklarsigorta.com\/index.php?rest_route=\/wp\/v2\/types\/page"}],"author":[{"embeddable":true,"href":"https:\/\/www.solaklarsigorta.com\/index.php?rest_route=\/wp\/v2\/users\/1"}],"replies":[{"embeddable":true,"href":"https:\/\/www.solaklarsigorta.com\/index.php?rest_route=%2Fwp%2Fv2%2Fcomments&post=494"}],"version-history":[{"count":6,"href":"https:\/\/www.solaklarsigorta.com\/index.php?rest_route=\/wp\/v2\/pages\/494\/revisions"}],"predecessor-version":[{"id":502,"href":"https:\/\/www.solaklarsigorta.com\/index.php?rest_route=\/wp\/v2\/pages\/494\/revisions\/502"}],"wp:attachment":[{"href":"https:\/\/www.solaklarsigorta.com\/index.php?rest_route=%2Fwp%2Fv2%2Fmedia&parent=494"}],"curies":[{"name":"wp","href":"https:\/\/api.w.org\/{rel}","templated":true}]}}